{"id":608,"date":"2019-05-06T17:59:52","date_gmt":"2019-05-06T16:59:52","guid":{"rendered":"http:\/\/gnadenkapelle-aldenhoven.de\/?page_id=608"},"modified":"2019-05-06T17:59:52","modified_gmt":"2019-05-06T16:59:52","slug":"raritaet-fuer-alle-freunde-der-gnadenkapelle","status":"publish","type":"page","link":"http:\/\/gnadenkapelle-aldenhoven.de\/?page_id=608","title":{"rendered":"Rarit\u00e4t f\u00fcr alle Freunde der Gnadenkapelle"},"content":{"rendered":"\n<p>Dank Professor G\u00fcnter Bers ist es uns gelungen noch einige Restexemplare des von ihm 1986 ver\u00f6ffentlichten Buches aus der Schriftenreihe zur rheinischen Geschichte Heft 6 zu erhalten. Das Buch k\u00f6nnen Sie im Pfarrb\u00fcro der Pfarre St. Martin Aldenhoven zum Preis von 20.00\u20ac erwerben. Mail: Info@st-martin-aldenhoven.de<\/p>\n\n\n\n<p><strong>\u2026.das miracul\u00f6\u00df Maria bildlein zu Aldenhoven<\/strong><\/p>\n\n\n\n<figure class=\"wp-block-image\"><img loading=\"lazy\" decoding=\"async\" width=\"743\" height=\"1024\" src=\"http:\/\/gnadenkapelle-aldenhoven.de\/wp-content\/uploads\/2019\/05\/Bers_Titelblatt-743x1024.jpeg\" alt=\"\" class=\"wp-image-602\" srcset=\"http:\/\/gnadenkapelle-aldenhoven.de\/wp-content\/uploads\/2019\/05\/Bers_Titelblatt-743x1024.jpeg 743w, http:\/\/gnadenkapelle-aldenhoven.de\/wp-content\/uploads\/2019\/05\/Bers_Titelblatt-218x300.jpeg 218w, http:\/\/gnadenkapelle-aldenhoven.de\/wp-content\/uploads\/2019\/05\/Bers_Titelblatt-768x1058.jpeg 768w, http:\/\/gnadenkapelle-aldenhoven.de\/wp-content\/uploads\/2019\/05\/Bers_Titelblatt.jpeg 848w\" sizes=\"auto, (max-width: 743px) 100vw, 743px\" \/><figcaption>EPSON MFP image<\/figcaption><\/figure>\n\n\n\n<figure class=\"wp-block-image is-resized\"><img loading=\"lazy\" decoding=\"async\" src=\"http:\/\/gnadenkapelle-aldenhoven.de\/wp-content\/uploads\/2019\/05\/Bers_Vorwort-743x1024.jpeg\" alt=\"\" class=\"wp-image-604\" width=\"594\" height=\"819\" srcset=\"http:\/\/gnadenkapelle-aldenhoven.de\/wp-content\/uploads\/2019\/05\/Bers_Vorwort-743x1024.jpeg 743w, http:\/\/gnadenkapelle-aldenhoven.de\/wp-content\/uploads\/2019\/05\/Bers_Vorwort-218x300.jpeg 218w, http:\/\/gnadenkapelle-aldenhoven.de\/wp-content\/uploads\/2019\/05\/Bers_Vorwort-768x1058.jpeg 768w, http:\/\/gnadenkapelle-aldenhoven.de\/wp-content\/uploads\/2019\/05\/Bers_Vorwort.jpeg 848w\" sizes=\"auto, (max-width: 594px) 100vw, 594px\" \/><figcaption>EPSON MFP image<\/figcaption><\/figure>\n\n\n\n<figure class=\"wp-block-image\"><img loading=\"lazy\" decoding=\"async\" width=\"743\" height=\"1024\" src=\"http:\/\/gnadenkapelle-aldenhoven.de\/wp-content\/uploads\/2019\/05\/Bers_Titelblatt2-743x1024.jpeg\" alt=\"\" class=\"wp-image-603\" srcset=\"http:\/\/gnadenkapelle-aldenhoven.de\/wp-content\/uploads\/2019\/05\/Bers_Titelblatt2-743x1024.jpeg 743w, http:\/\/gnadenkapelle-aldenhoven.de\/wp-content\/uploads\/2019\/05\/Bers_Titelblatt2-218x300.jpeg 218w, http:\/\/gnadenkapelle-aldenhoven.de\/wp-content\/uploads\/2019\/05\/Bers_Titelblatt2-768x1058.jpeg 768w, http:\/\/gnadenkapelle-aldenhoven.de\/wp-content\/uploads\/2019\/05\/Bers_Titelblatt2.jpeg 848w\" sizes=\"auto, (max-width: 743px) 100vw, 743px\" \/><figcaption>EPSON MFP image<\/figcaption><\/figure>\n","protected":false},"excerpt":{"rendered":"<p>Dank Professor G\u00fcnter Bers ist es uns gelungen noch einige Restexemplare des von ihm 1986 ver\u00f6ffentlichten Buches aus der Schriftenreihe zur rheinischen Geschichte Heft 6 zu erhalten. Das Buch k\u00f6nnen Sie im Pfarrb\u00fcro der Pfarre St. Martin Aldenhoven zum Preis von 20.00\u20ac erwerben. Mail: Info@st-martin-aldenhoven.de \u2026.das miracul\u00f6\u00df Maria bildlein zu Aldenhoven<\/p>\n","protected":false},"author":2,"featured_media":0,"parent":0,"menu_order":0,"comment_status":"closed","ping_status":"closed","template":"","meta":{"footnotes":""},"class_list":["post-608","page","type-page","status-publish","hentry"],"_links":{"self":[{"href":"http:\/\/gnadenkapelle-aldenhoven.de\/index.php?rest_route=\/wp\/v2\/pages\/608","targetHints":{"allow":["GET"]}}],"collection":[{"href":"http:\/\/gnadenkapelle-aldenhoven.de\/index.php?rest_route=\/wp\/v2\/pages"}],"about":[{"href":"http:\/\/gnadenkapelle-aldenhoven.de\/index.php?rest_route=\/wp\/v2\/types\/page"}],"author":[{"embeddable":true,"href":"http:\/\/gnadenkapelle-aldenhoven.de\/index.php?rest_route=\/wp\/v2\/users\/2"}],"replies":[{"embeddable":true,"href":"http:\/\/gnadenkapelle-aldenhoven.de\/index.php?rest_route=%2Fwp%2Fv2%2Fcomments&post=608"}],"version-history":[{"count":2,"href":"http:\/\/gnadenkapelle-aldenhoven.de\/index.php?rest_route=\/wp\/v2\/pages\/608\/revisions"}],"predecessor-version":[{"id":611,"href":"http:\/\/gnadenkapelle-aldenhoven.de\/index.php?rest_route=\/wp\/v2\/pages\/608\/revisions\/611"}],"wp:attachment":[{"href":"http:\/\/gnadenkapelle-aldenhoven.de\/index.php?rest_route=%2Fwp%2Fv2%2Fmedia&parent=608"}],"curies":[{"name":"wp","href":"https:\/\/api.w.org\/{rel}","templated":true}]}}

Rarität für alle Freunde der Gnadenkapelle

<p>Dank Professor Günter Bers ist es uns gelungen noch einige Restexemplare des von ihm 1986 veröffentlichten Buches aus der Schriftenreihe zur rheinischen Geschichte Heft 6 zu erhalten. Das Buch können Sie im Pfarrbüro der Pfarre St. Martin Aldenhoven zum Preis von 20.00€ erwerben. Mail: Info@st-martin-aldenhoven.de</p>



<p><strong>….das miraculöß Maria bildlein zu Aldenhoven</strong></p>



<figure class="wp-block-image"><img loading="lazy" decoding="async" width="743" height="1024" src="http://gnadenkapelle-aldenhoven.de/wp-content/uploads/2019/05/Bers_Titelblatt-743x1024.jpeg" alt="" class="wp-image-602" srcset="http://gnadenkapelle-aldenhoven.de/wp-content/uploads/2019/05/Bers_Titelblatt-743x1024.jpeg 743w, http://gnadenkapelle-aldenhoven.de/wp-content/uploads/2019/05/Bers_Titelblatt-218x300.jpeg 218w, http://gnadenkapelle-aldenhoven.de/wp-content/uploads/2019/05/Bers_Titelblatt-768x1058.jpeg 768w, http://gnadenkapelle-aldenhoven.de/wp-content/uploads/2019/05/Bers_Titelblatt.jpeg 848w" sizes="auto, (max-width: 743px) 100vw, 743px" /><figcaption>EPSON MFP image</figcaption></figure>



<figure class="wp-block-image is-resized"><img loading="lazy" decoding="async" src="http://gnadenkapelle-aldenhoven.de/wp-content/uploads/2019/05/Bers_Vorwort-743x1024.jpeg" alt="" class="wp-image-604" width="594" height="819" srcset="http://gnadenkapelle-aldenhoven.de/wp-content/uploads/2019/05/Bers_Vorwort-743x1024.jpeg 743w, http://gnadenkapelle-aldenhoven.de/wp-content/uploads/2019/05/Bers_Vorwort-218x300.jpeg 218w, http://gnadenkapelle-aldenhoven.de/wp-content/uploads/2019/05/Bers_Vorwort-768x1058.jpeg 768w, http://gnadenkapelle-aldenhoven.de/wp-content/uploads/2019/05/Bers_Vorwort.jpeg 848w" sizes="auto, (max-width: 594px) 100vw, 594px" /><figcaption>EPSON MFP image</figcaption></figure>



<figure class="wp-block-image"><img loading="lazy" decoding="async" width="743" height="1024" src="http://gnadenkapelle-aldenhoven.de/wp-content/uploads/2019/05/Bers_Titelblatt2-743x1024.jpeg" alt="" class="wp-image-603" srcset="http://gnadenkapelle-aldenhoven.de/wp-content/uploads/2019/05/Bers_Titelblatt2-743x1024.jpeg 743w, http://gnadenkapelle-aldenhoven.de/wp-content/uploads/2019/05/Bers_Titelblatt2-218x300.jpeg 218w, http://gnadenkapelle-aldenhoven.de/wp-content/uploads/2019/05/Bers_Titelblatt2-768x1058.jpeg 768w, http://gnadenkapelle-aldenhoven.de/wp-content/uploads/2019/05/Bers_Titelblatt2.jpeg 848w" sizes="auto, (max-width: 743px) 100vw, 743px" /><figcaption>EPSON MFP image</figcaption></figure>

<p>Dank Professor Günter Bers ist es uns gelungen noch einige Restexemplare des von ihm 1986 veröffentlichten Buches aus der Schriftenreihe zur rheinischen Geschichte Heft 6 zu erhalten. Das Buch können Sie im Pfarrbüro der Pfarre St. Martin Aldenhoven zum Preis von 20.00€ erwerben. Mail: Info@st-martin-aldenhoven.de ….das miraculöß Maria bildlein zu Aldenhoven</p>
